{"id":13,"date":"2026-02-26T15:50:24","date_gmt":"2026-02-26T14:50:24","guid":{"rendered":"https:\/\/scwewleszno.pl\/?page_id=13"},"modified":"2026-02-27T18:54:07","modified_gmt":"2026-02-27T17:54:07","slug":"strona-glowna","status":"publish","type":"page","link":"https:\/\/scwewleszno.pl\/","title":{"rendered":""},"content":{"rendered":"\n<figure class=\"wp-block-image size-large\"><img loading=\"lazy\" decoding=\"async\" width=\"1024\" height=\"724\" src=\"https:\/\/scwewleszno.pl\/wp-content\/uploads\/2026\/02\/plakat.jpg-1024x724.jpeg\" alt=\"\" class=\"wp-image-61\" srcset=\"https:\/\/scwewleszno.pl\/wp-content\/uploads\/2026\/02\/plakat.jpg-1024x724.jpeg 1024w, https:\/\/scwewleszno.pl\/wp-content\/uploads\/2026\/02\/plakat.jpg-300x212.jpeg 300w, https:\/\/scwewleszno.pl\/wp-content\/uploads\/2026\/02\/plakat.jpg-768x543.jpeg 768w, https:\/\/scwewleszno.pl\/wp-content\/uploads\/2026\/02\/plakat.jpg-1536x1086.jpeg 1536w, https:\/\/scwewleszno.pl\/wp-content\/uploads\/2026\/02\/plakat.jpg-2048x1449.jpeg 2048w\" sizes=\"auto, (max-width: 1024px) 100vw, 1024px\" \/><\/figure>\n\n\n\n<div class=\"wp-block-group\"><div class=\"wp-block-group__inner-container is-layout-constrained wp-block-group-is-layout-constrained\">\n<h2 class=\"wp-block-heading has-text-align-center has-border-color has-theme-palette-7-background-color has-background\" style=\"border-color:#dceed1;border-width:2px\"><strong>Informacje o SCWEW<\/strong><\/h2>\n<\/div><\/div>\n\n\n\n<p class=\"has-border-color has-theme-palette-7-background-color has-background\" style=\"border-color:#dceed1;border-width:2px\"><strong>Specjalistyczne Centrum Wspieraj\u0105ce Edukacj\u0119 W\u0142\u0105czaj\u0105c\u0105 (SCWEW) w Lesznie<\/strong> dzia\u0142a dzi\u0119ki pozyskaniu grantu w ramach projektu pn. <strong>\u201eSpecjalistyczne Centrum Wspieraj\u0105ce Edukacj\u0119 W\u0142\u0105czaj\u0105c\u0105 w Lesznie\u201d<\/strong>, realizowanego w Programie <strong>Fundusze Europejskie dla Rozwoju Spo\u0142ecznego 2021\u20132027 (FERS)<\/strong>, <strong>Dzia\u0142anie 01.06 Edukacja w\u0142\u0105czaj\u0105ca<\/strong>, projekt nr <strong>FERS.01.06-IP.05-0003\/23<\/strong>.<\/p>\n\n\n\n<p class=\"has-border-color has-theme-palette-7-background-color has-background\" style=\"border-color:#dceed1;border-width:2px\">SCWEW w Lesznie zosta\u0142o utworzone <strong>zarz\u0105dzeniem Grantobiorcy z dnia 1 stycznia 2026 r.<\/strong> w sprawie utworzenia Specjalistycznego Centrum Wspieraj\u0105cego Edukacj\u0119 W\u0142\u0105czaj\u0105c\u0105 w Lesznie.<\/p>\n\n\n\n<p class=\"has-border-color has-theme-palette-7-background-color has-background\" style=\"border-color:#dceed1;border-width:2px\">Funkcj\u0119 szko\u0142y specjalnej pe\u0142ni\u0105cej rol\u0119 SCWEW pe\u0142ni <strong>Niepubliczna Szko\u0142a Podstawowa Totus Tuus<br>w Lesznie<\/strong>.<\/p>\n\n\n\n<h2 class=\"wp-block-heading has-text-align-center has-border-color has-theme-palette-7-background-color has-background\" style=\"border-color:#dceed1;border-width:2px\"><strong>Cel dzia\u0142ania<\/strong><\/h2>\n\n\n\n<p class=\"has-border-color has-theme-palette-7-background-color has-background\" style=\"border-color:#dceed1;border-width:2px\">G\u0142\u00f3wnym celem SCWEW jest podnoszenie kompetencji kadry przedszkoli i szk\u00f3\u0142 og\u00f3lnodost\u0119pnych w zakresie pracy z grup\u0105\/klas\u0105 zr\u00f3\u017cnicowan\u0105. Wsparcie kierowane jest do dyrektor\u00f3w, nauczycieli, specjalist\u00f3w oraz kadry niepedagogicznej, aby zapewni\u0107 dzieciom i uczniom optymalne warunki rozwoju, uwzgl\u0119dniaj\u0105ce ich indywidualne potrzeby i mo\u017cliwo\u015bci.<\/p>\n\n\n\n<h2 class=\"wp-block-heading has-text-align-center has-border-color has-theme-palette-7-background-color has-background\" style=\"border-color:#dceed1;border-width:2px\"><strong>Grup\u0105 docelowa projektu grantowego s\u0105<\/strong>:<\/h2>\n\n\n\n<ul style=\"border-color:#dceed1;border-width:2px\" class=\"wp-block-list has-border-color has-theme-palette-7-background-color has-background\">\n<li>jednostki samorz\u0105du terytorialnego oraz inne podmioty b\u0119d\u0105ce organami prowadz\u0105cymi przedszkola, szko\u0142y og\u00f3lnodost\u0119pne;<\/li>\n\n\n\n<li>kadra przedszkoli i szk\u00f3\u0142 og\u00f3lnodost\u0119pnych, tj. dyrektorki i dyrektorzy, nauczycielki i nauczyciele oraz specjalistki i specjali\u015bci;<\/li>\n\n\n\n<li>kadra niepedagogiczna przedszkoli i szk\u00f3\u0142 og\u00f3lnodost\u0119pnych;<\/li>\n\n\n\n<li>rodzice lub opiekunowie prawni dzieci lub uczni\u00f3w i uczennic;<\/li>\n\n\n\n<li>dzieci, uczniowie i uczennice z przedszkoli, szk\u00f3\u0142 og\u00f3lnodost\u0119pnych;<\/li>\n\n\n\n<li>\u015brodowisko lokalne.<\/li>\n<\/ul>\n\n\n\n<h2 class=\"wp-block-heading has-text-align-center has-border-color has-theme-palette-7-background-color has-background\" style=\"border-color:#dceed1;border-width:2px\"><strong>Zakres dzia\u0142a\u0144 SCWEW<\/strong><\/h2>\n\n\n\n<ul style=\"border-color:#dceed1;border-width:2px\" class=\"wp-block-list has-border-color has-theme-palette-7-background-color has-background\">\n<li>diagnoza potrzeb plac\u00f3wek i zasob\u00f3w \u015brodowiska lokalnego,<\/li>\n\n\n\n<li>wzmacnianie wsp\u00f3\u0142pracy mi\u0119dzysektorowej,<\/li>\n\n\n\n<li>opracowanie oferty wsparcia dla pi\u0119ciu plac\u00f3wek,<\/li>\n\n\n\n<li>uruchomienie wypo\u017cyczalni sprz\u0119tu specjalistycznego,<\/li>\n\n\n\n<li>konsultacje, spotkania eksperckie, zaj\u0119cia modelowe i superwizje,<\/li>\n\n\n\n<li>dzia\u0142ania informacyjne i promocyjne.<\/li>\n<\/ul>\n\n\n\n<h2 class=\"wp-block-heading has-text-align-center has-border-color has-theme-palette-7-background-color has-background\" style=\"border-color:#dceed1;border-width:2px\">Efekty i rezultaty<\/h2>\n\n\n\n<ul style=\"border-color:#dceed1;border-width:2px\" class=\"wp-block-list has-border-color has-theme-palette-7-background-color has-background\">\n<li>wdro\u017cenie diagnoz i plan\u00f3w wsparcia,<\/li>\n\n\n\n<li>wzrost kompetencji kadry,<\/li>\n\n\n\n<li>poprawa jako\u015bci pracy z uczniami o zr\u00f3\u017cnicowanych potrzebach,<\/li>\n\n\n\n<li>zwi\u0119kszenie dost\u0119pno\u015bci narz\u0119dzi i technologii asystuj\u0105cych,<\/li>\n\n\n\n<li>wzmocnienie wsp\u00f3\u0142pracy z rodzicami,<\/li>\n\n\n\n<li>rozw\u00f3j sieci wsp\u00f3\u0142pracy i samokszta\u0142cenia,<\/li>\n\n\n\n<li>d\u0142ugofalowa poprawa warunk\u00f3w uczenia si\u0119.<\/li>\n<\/ul>\n\n\n\n<h2 class=\"wp-block-heading has-text-align-center has-border-color has-theme-palette-7-background-color has-background\" style=\"border-color:#dceed1;border-width:2px\">Informacje o projekcie<\/h2>\n\n\n\n<p class=\"has-text-align-center has-border-color has-theme-palette-7-background-color has-background\" style=\"border-color:#dceed1;border-width:2px\"><strong>Grantobiorca:\u00a0Agnieszka Kra\u015bner<\/strong><\/p>\n\n\n\n<p class=\"has-text-align-center has-border-color has-theme-palette-7-background-color has-background\" style=\"border-color:#dceed1;border-width:2px\"><strong>Okres realizacji:\u00a001.01.2026 \u2013 31.03.2027<\/strong><\/p>\n\n\n\n<p class=\"has-text-align-center\"><strong>Warto\u015b\u0107 projektu:<\/strong>&nbsp;718 851 z\u0142<\/p>\n\n\n\n<p class=\"has-text-align-center\"><strong>Dofinansowanie UE:<\/strong>&nbsp;593 195,85 z\u0142<\/p>\n\n\n\n<p class=\"has-text-align-center\"><strong>Bud\u017cet pa\u0144stwa:<\/strong>&nbsp;125 655,15 z\u0142<\/p>\n\n\n\n<p><\/p>\n","protected":false},"excerpt":{"rendered":"<p>Informacje o SCWEW Specjalistyczne Centrum Wspieraj\u0105ce Edukacj\u0119 W\u0142\u0105czaj\u0105c\u0105 (SCWEW) w Lesznie dzia\u0142a dzi\u0119ki pozyskaniu grantu w ramach projektu pn. \u201eSpecjalistyczne Centrum Wspieraj\u0105ce Edukacj\u0119 W\u0142\u0105czaj\u0105c\u0105 w Lesznie\u201d, realizowanego w Programie Fundusze&#8230;<\/p>\n","protected":false},"author":1,"featured_media":0,"parent":0,"menu_order":0,"comment_status":"closed","ping_status":"closed","template":"","meta":{"_kad_post_transparent":"","_kad_post_title":"","_kad_post_layout":"","_kad_post_sidebar_id":"","_kad_post_content_style":"","_kad_post_vertical_padding":"","_kad_post_feature":"","_kad_post_feature_position":"","_kad_post_header":false,"_kad_post_footer":false,"_kad_post_classname":"","footnotes":""},"class_list":["post-13","page","type-page","status-publish","hentry"],"_links":{"self":[{"href":"https:\/\/scwewleszno.pl\/index.php?rest_route=\/wp\/v2\/pages\/13","targetHints":{"allow":["GET"]}}],"collection":[{"href":"https:\/\/scwewleszno.pl\/index.php?rest_route=\/wp\/v2\/pages"}],"about":[{"href":"https:\/\/scwewleszno.pl\/index.php?rest_route=\/wp\/v2\/types\/page"}],"author":[{"embeddable":true,"href":"https:\/\/scwewleszno.pl\/index.php?rest_route=\/wp\/v2\/users\/1"}],"replies":[{"embeddable":true,"href":"https:\/\/scwewleszno.pl\/index.php?rest_route=%2Fwp%2Fv2%2Fcomments&post=13"}],"version-history":[{"count":12,"href":"https:\/\/scwewleszno.pl\/index.php?rest_route=\/wp\/v2\/pages\/13\/revisions"}],"predecessor-version":[{"id":70,"href":"https:\/\/scwewleszno.pl\/index.php?rest_route=\/wp\/v2\/pages\/13\/revisions\/70"}],"wp:attachment":[{"href":"https:\/\/scwewleszno.pl\/index.php?rest_route=%2Fwp%2Fv2%2Fmedia&parent=13"}],"curies":[{"name":"wp","href":"https:\/\/api.w.org\/{rel}","templated":true}]}}

<figure class="wp-block-image size-large"><img loading="lazy" decoding="async" width="1024" height="724" src="https://scwewleszno.pl/wp-content/uploads/2026/02/plakat.jpg-1024x724.jpeg" alt="" class="wp-image-61" srcset="https://scwewleszno.pl/wp-content/uploads/2026/02/plakat.jpg-1024x724.jpeg 1024w, https://scwewleszno.pl/wp-content/uploads/2026/02/plakat.jpg-300x212.jpeg 300w, https://scwewleszno.pl/wp-content/uploads/2026/02/plakat.jpg-768x543.jpeg 768w, https://scwewleszno.pl/wp-content/uploads/2026/02/plakat.jpg-1536x1086.jpeg 1536w, https://scwewleszno.pl/wp-content/uploads/2026/02/plakat.jpg-2048x1449.jpeg 2048w" sizes="auto, (max-width: 1024px) 100vw, 1024px" /></figure>



<div class="wp-block-group"><div class="wp-block-group__inner-container is-layout-constrained wp-block-group-is-layout-constrained">
<h2 class="wp-block-heading has-text-align-center has-border-color has-theme-palette-7-background-color has-background" style="border-color:#dceed1;border-width:2px"><strong>Informacje o SCWEW</strong></h2>
</div></div>



<p class="has-border-color has-theme-palette-7-background-color has-background" style="border-color:#dceed1;border-width:2px"><strong>Specjalistyczne Centrum Wspierające Edukację Włączającą (SCWEW) w Lesznie</strong> działa dzięki pozyskaniu grantu w ramach projektu pn. <strong>„Specjalistyczne Centrum Wspierające Edukację Włączającą w Lesznie”</strong>, realizowanego w Programie <strong>Fundusze Europejskie dla Rozwoju Społecznego 2021–2027 (FERS)</strong>, <strong>Działanie 01.06 Edukacja włączająca</strong>, projekt nr <strong>FERS.01.06-IP.05-0003/23</strong>.</p>



<p class="has-border-color has-theme-palette-7-background-color has-background" style="border-color:#dceed1;border-width:2px">SCWEW w Lesznie zostało utworzone <strong>zarządzeniem Grantobiorcy z dnia 1 stycznia 2026 r.</strong> w sprawie utworzenia Specjalistycznego Centrum Wspierającego Edukację Włączającą w Lesznie.</p>



<p class="has-border-color has-theme-palette-7-background-color has-background" style="border-color:#dceed1;border-width:2px">Funkcję szkoły specjalnej pełniącej rolę SCWEW pełni <strong>Niepubliczna Szkoła Podstawowa Totus Tuus<br>w Lesznie</strong>.</p>



<h2 class="wp-block-heading has-text-align-center has-border-color has-theme-palette-7-background-color has-background" style="border-color:#dceed1;border-width:2px"><strong>Cel działania</strong></h2>



<p class="has-border-color has-theme-palette-7-background-color has-background" style="border-color:#dceed1;border-width:2px">Głównym celem SCWEW jest podnoszenie kompetencji kadry przedszkoli i szkół ogólnodostępnych w zakresie pracy z grupą/klasą zróżnicowaną. Wsparcie kierowane jest do dyrektorów, nauczycieli, specjalistów oraz kadry niepedagogicznej, aby zapewnić dzieciom i uczniom optymalne warunki rozwoju, uwzględniające ich indywidualne potrzeby i możliwości.</p>



<h2 class="wp-block-heading has-text-align-center has-border-color has-theme-palette-7-background-color has-background" style="border-color:#dceed1;border-width:2px"><strong>Grupą docelowa projektu grantowego są</strong>:</h2>



<ul style="border-color:#dceed1;border-width:2px" class="wp-block-list has-border-color has-theme-palette-7-background-color has-background">
<li>jednostki samorządu terytorialnego oraz inne podmioty będące organami prowadzącymi przedszkola, szkoły ogólnodostępne;</li>



<li>kadra przedszkoli i szkół ogólnodostępnych, tj. dyrektorki i dyrektorzy, nauczycielki i nauczyciele oraz specjalistki i specjaliści;</li>



<li>kadra niepedagogiczna przedszkoli i szkół ogólnodostępnych;</li>



<li>rodzice lub opiekunowie prawni dzieci lub uczniów i uczennic;</li>



<li>dzieci, uczniowie i uczennice z przedszkoli, szkół ogólnodostępnych;</li>



<li>środowisko lokalne.</li>
</ul>



<h2 class="wp-block-heading has-text-align-center has-border-color has-theme-palette-7-background-color has-background" style="border-color:#dceed1;border-width:2px"><strong>Zakres działań SCWEW</strong></h2>



<ul style="border-color:#dceed1;border-width:2px" class="wp-block-list has-border-color has-theme-palette-7-background-color has-background">
<li>diagnoza potrzeb placówek i zasobów środowiska lokalnego,</li>



<li>wzmacnianie współpracy międzysektorowej,</li>



<li>opracowanie oferty wsparcia dla pięciu placówek,</li>



<li>uruchomienie wypożyczalni sprzętu specjalistycznego,</li>



<li>konsultacje, spotkania eksperckie, zajęcia modelowe i superwizje,</li>



<li>działania informacyjne i promocyjne.</li>
</ul>



<h2 class="wp-block-heading has-text-align-center has-border-color has-theme-palette-7-background-color has-background" style="border-color:#dceed1;border-width:2px">Efekty i rezultaty</h2>



<ul style="border-color:#dceed1;border-width:2px" class="wp-block-list has-border-color has-theme-palette-7-background-color has-background">
<li>wdrożenie diagnoz i planów wsparcia,</li>



<li>wzrost kompetencji kadry,</li>



<li>poprawa jakości pracy z uczniami o zróżnicowanych potrzebach,</li>



<li>zwiększenie dostępności narzędzi i technologii asystujących,</li>



<li>wzmocnienie współpracy z rodzicami,</li>



<li>rozwój sieci współpracy i samokształcenia,</li>



<li>długofalowa poprawa warunków uczenia się.</li>
</ul>



<h2 class="wp-block-heading has-text-align-center has-border-color has-theme-palette-7-background-color has-background" style="border-color:#dceed1;border-width:2px">Informacje o projekcie</h2>



<p class="has-text-align-center has-border-color has-theme-palette-7-background-color has-background" style="border-color:#dceed1;border-width:2px"><strong>Grantobiorca: Agnieszka Kraśner</strong></p>



<p class="has-text-align-center has-border-color has-theme-palette-7-background-color has-background" style="border-color:#dceed1;border-width:2px"><strong>Okres realizacji: 01.01.2026 – 31.03.2027</strong></p>



<p class="has-text-align-center"><strong>Wartość projektu:</strong>&nbsp;718 851 zł</p>



<p class="has-text-align-center"><strong>Dofinansowanie UE:</strong>&nbsp;593 195,85 zł</p>



<p class="has-text-align-center"><strong>Budżet państwa:</strong>&nbsp;125 655,15 zł</p>



<p></p>

<p>Informacje o SCWEW Specjalistyczne Centrum Wspierające Edukację Włączającą (SCWEW) w Lesznie działa dzięki pozyskaniu grantu w ramach projektu pn. „Specjalistyczne Centrum Wspierające Edukację Włączającą w Lesznie”, realizowanego w Programie Fundusze&#8230;</p>
