{"id":19,"date":"2026-02-26T16:01:31","date_gmt":"2026-02-26T15:01:31","guid":{"rendered":"https:\/\/scwewleszno.pl\/?page_id=19"},"modified":"2026-03-05T22:12:08","modified_gmt":"2026-03-05T21:12:08","slug":"aktualnosci","status":"publish","type":"page","link":"https:\/\/scwewleszno.pl\/?page_id=19","title":{"rendered":""},"content":{"rendered":"<section class=\"scwew-placowki\"><!-- WPROWADZENIE --><\/p>\n<div class=\"scwew-intro\">\n<h1>Plac\u00f3wki obj\u0119te wsparciem<\/h1>\n<p>Wsparciem Specjalistycznego Centrum Wspierania Edukacji W\u0142\u0105czaj\u0105cej<br \/>\nw Lesznie obj\u0119te zosta\u0142y nast\u0119puj\u0105ce plac\u00f3wki o\u015bwiatowe:<\/p>\n<\/div>\n<p><!-- LISTA PLAC\u00d3WEK --><\/p>\n<div class=\"placowki-grid\">\n<div class=\"placowka-card\">\n<h3>Przedszkole z Oddzia\u0142ami Integracyjnymi nr 1<\/h3>\n<p>im. Wandy Chotomskiej w Ko\u015bcianie<\/p>\n<\/div>\n<div class=\"placowka-card\">\n<h3>Przedszkole Kolorowy Wiatraczek<\/h3>\n<p>w Rydzynie<\/p>\n<\/div>\n<div class=\"placowka-card\">\n<h3>Szko\u0142a Bran\u017cowa I stopnia nr 4<\/h3>\n<p>w Lesznie<\/p>\n<\/div>\n<div class=\"placowka-card\">\n<h3>Szko\u0142a Podstawowa<\/h3>\n<p>im. Powsta\u0144c\u00f3w Wielkopolskich w Osiecznej<\/p>\n<\/div>\n<div class=\"placowka-card\">\n<h3>Szko\u0142a Podstawowa<\/h3>\n<p>im. Konstytucji 3 Maja w \u015amiglu<\/p>\n<\/div>\n<\/div>\n<\/section>\n","protected":false},"excerpt":{"rendered":"<p>Plac\u00f3wki obj\u0119te wsparciem Wsparciem Specjalistycznego Centrum Wspierania Edukacji W\u0142\u0105czaj\u0105cej w Lesznie obj\u0119te zosta\u0142y nast\u0119puj\u0105ce plac\u00f3wki o\u015bwiatowe: Przedszkole z Oddzia\u0142ami Integracyjnymi nr 1 im. Wandy Chotomskiej w Ko\u015bcianie Przedszkole Kolorowy Wiatraczek&#8230;<\/p>\n","protected":false},"author":1,"featured_media":0,"parent":0,"menu_order":0,"comment_status":"closed","ping_status":"closed","template":"","meta":{"_kad_post_transparent":"","_kad_post_title":"","_kad_post_layout":"","_kad_post_sidebar_id":"","_kad_post_content_style":"","_kad_post_vertical_padding":"","_kad_post_feature":"","_kad_post_feature_position":"","_kad_post_header":false,"_kad_post_footer":false,"_kad_post_classname":"","footnotes":""},"class_list":["post-19","page","type-page","status-publish","hentry"],"_links":{"self":[{"href":"https:\/\/scwewleszno.pl\/index.php?rest_route=\/wp\/v2\/pages\/19","targetHints":{"allow":["GET"]}}],"collection":[{"href":"https:\/\/scwewleszno.pl\/index.php?rest_route=\/wp\/v2\/pages"}],"about":[{"href":"https:\/\/scwewleszno.pl\/index.php?rest_route=\/wp\/v2\/types\/page"}],"author":[{"embeddable":true,"href":"https:\/\/scwewleszno.pl\/index.php?rest_route=\/wp\/v2\/users\/1"}],"replies":[{"embeddable":true,"href":"https:\/\/scwewleszno.pl\/index.php?rest_route=%2Fwp%2Fv2%2Fcomments&post=19"}],"version-history":[{"count":10,"href":"https:\/\/scwewleszno.pl\/index.php?rest_route=\/wp\/v2\/pages\/19\/revisions"}],"predecessor-version":[{"id":151,"href":"https:\/\/scwewleszno.pl\/index.php?rest_route=\/wp\/v2\/pages\/19\/revisions\/151"}],"wp:attachment":[{"href":"https:\/\/scwewleszno.pl\/index.php?rest_route=%2Fwp%2Fv2%2Fmedia&parent=19"}],"curies":[{"name":"wp","href":"https:\/\/api.w.org\/{rel}","templated":true}]}}

<section class="scwew-placowki"><!-- WPROWADZENIE --></p>
<div class="scwew-intro">
<h1>Placówki objęte wsparciem</h1>
<p>Wsparciem Specjalistycznego Centrum Wspierania Edukacji Włączającej<br />
w Lesznie objęte zostały następujące placówki oświatowe:</p>
</div>
<p><!-- LISTA PLACÓWEK --></p>
<div class="placowki-grid">
<div class="placowka-card">
<h3>Przedszkole z Oddziałami Integracyjnymi nr 1</h3>
<p>im. Wandy Chotomskiej w Kościanie</p>
</div>
<div class="placowka-card">
<h3>Przedszkole Kolorowy Wiatraczek</h3>
<p>w Rydzynie</p>
</div>
<div class="placowka-card">
<h3>Szkoła Branżowa I stopnia nr 4</h3>
<p>w Lesznie</p>
</div>
<div class="placowka-card">
<h3>Szkoła Podstawowa</h3>
<p>im. Powstańców Wielkopolskich w Osiecznej</p>
</div>
<div class="placowka-card">
<h3>Szkoła Podstawowa</h3>
<p>im. Konstytucji 3 Maja w Śmiglu</p>
</div>
</div>
</section>

<p>Placówki objęte wsparciem Wsparciem Specjalistycznego Centrum Wspierania Edukacji Włączającej w Lesznie objęte zostały następujące placówki oświatowe: Przedszkole z Oddziałami Integracyjnymi nr 1 im. Wandy Chotomskiej w Kościanie Przedszkole Kolorowy Wiatraczek&#8230;</p>
