{"id":21,"date":"2026-02-26T16:01:31","date_gmt":"2026-02-26T15:01:31","guid":{"rendered":"https:\/\/scwewleszno.pl\/?page_id=21"},"modified":"2026-03-05T22:06:44","modified_gmt":"2026-03-05T21:06:44","slug":"kontakt","status":"publish","type":"page","link":"https:\/\/scwewleszno.pl\/?page_id=21","title":{"rendered":"Kontakt"},"content":{"rendered":"<section class=\"kontakt-scwew\">\n<div class=\"kontakt-header\">\n<h1>Kontakt<\/h1>\n<p>Skontaktuj si\u0119 z nami w sprawach dotycz\u0105cych dzia\u0142alno\u015bci Specjalistycznego Centrum Wspierania Edukacji W\u0142\u0105czaj\u0105cej w Lesznie.<\/p>\n<\/div>\n<div class=\"kontakt-grid\">\n<div class=\"kontakt-info\">\n<h2>Dane kontaktowe<\/h2>\n<div class=\"kontakt-item\"><strong>Adres:<\/strong>\n<p>Rejtana 37 \/ Osiecka 41<br \/>64-100 Leszno<\/p>\n<\/div>\n<div class=\"kontakt-item\"><strong>Telefon:<\/strong>\n<p>+48 785 720 202<\/p>\n<\/div>\n<div class=\"kontakt-item\"><strong>E-mail:<\/strong>\n<p><a href=\"mailto:zespol@scwew-leszno.pl\">zespol@scwew-leszno.pl<\/a><\/p>\n<\/div>\n<div class=\"kontakt-item\"><strong>Facebook:<\/strong>\n<p><a href=\"https:\/\/www.facebook.com\/61586588566157\" target=\"_blank\" rel=\"noopener\"><br \/>facebook.com\/SCWEWLeszno<br \/><\/a><\/p>\n<\/div>\n<\/div>\n<div class=\"kontakt-mapa\">\n<h2>Nasza lokalizacja<\/h2>\n<p><iframe loading=\"lazy\" style=\"border: 0;\" src=\"https:\/\/www.google.com\/maps?q=Rejtana+37+Leszno&amp;output=embed\" width=\"100%\" height=\"300\" allowfullscreen=\"allowfullscreen\"><br \/>\n            <\/iframe><\/p>\n<\/div>\n<\/div>\n<\/section>\n\n\n<figure class=\"wp-block-image size-large is-resized\"><a href=\"https:\/\/www.facebook.com\/profile.php?id=61586588566157\"><img loading=\"lazy\" decoding=\"async\" width=\"1024\" height=\"683\" src=\"https:\/\/scwewleszno.pl\/wp-content\/uploads\/2026\/02\/Skontaktuj-sie-z-nami-1-1024x683.png\" alt=\"\" class=\"wp-image-100\" style=\"aspect-ratio:1.4993006993006992;width:172px;height:auto\" srcset=\"https:\/\/scwewleszno.pl\/wp-content\/uploads\/2026\/02\/Skontaktuj-sie-z-nami-1-1024x683.png 1024w, https:\/\/scwewleszno.pl\/wp-content\/uploads\/2026\/02\/Skontaktuj-sie-z-nami-1-300x200.png 300w, https:\/\/scwewleszno.pl\/wp-content\/uploads\/2026\/02\/Skontaktuj-sie-z-nami-1-768x512.png 768w, https:\/\/scwewleszno.pl\/wp-content\/uploads\/2026\/02\/Skontaktuj-sie-z-nami-1.png 1536w\" sizes=\"auto, (max-width: 1024px) 100vw, 1024px\" \/><\/a><\/figure>\n","protected":false},"excerpt":{"rendered":"<p>Kontakt Skontaktuj si\u0119 z nami w sprawach dotycz\u0105cych dzia\u0142alno\u015bci Specjalistycznego Centrum Wspierania Edukacji W\u0142\u0105czaj\u0105cej w Lesznie. Dane kontaktowe Adres: Rejtana 37 \/ Osiecka 4164-100 Leszno Telefon: +48 785 720 202&#8230;<\/p>\n","protected":false},"author":1,"featured_media":0,"parent":0,"menu_order":0,"comment_status":"closed","ping_status":"closed","template":"","meta":{"_kad_post_transparent":"","_kad_post_title":"","_kad_post_layout":"","_kad_post_sidebar_id":"","_kad_post_content_style":"","_kad_post_vertical_padding":"","_kad_post_feature":"","_kad_post_feature_position":"","_kad_post_header":false,"_kad_post_footer":false,"_kad_post_classname":"","footnotes":""},"class_list":["post-21","page","type-page","status-publish","hentry"],"_links":{"self":[{"href":"https:\/\/scwewleszno.pl\/index.php?rest_route=\/wp\/v2\/pages\/21","targetHints":{"allow":["GET"]}}],"collection":[{"href":"https:\/\/scwewleszno.pl\/index.php?rest_route=\/wp\/v2\/pages"}],"about":[{"href":"https:\/\/scwewleszno.pl\/index.php?rest_route=\/wp\/v2\/types\/page"}],"author":[{"embeddable":true,"href":"https:\/\/scwewleszno.pl\/index.php?rest_route=\/wp\/v2\/users\/1"}],"replies":[{"embeddable":true,"href":"https:\/\/scwewleszno.pl\/index.php?rest_route=%2Fwp%2Fv2%2Fcomments&post=21"}],"version-history":[{"count":5,"href":"https:\/\/scwewleszno.pl\/index.php?rest_route=\/wp\/v2\/pages\/21\/revisions"}],"predecessor-version":[{"id":146,"href":"https:\/\/scwewleszno.pl\/index.php?rest_route=\/wp\/v2\/pages\/21\/revisions\/146"}],"wp:attachment":[{"href":"https:\/\/scwewleszno.pl\/index.php?rest_route=%2Fwp%2Fv2%2Fmedia&parent=21"}],"curies":[{"name":"wp","href":"https:\/\/api.w.org\/{rel}","templated":true}]}}

<section class="kontakt-scwew">
<div class="kontakt-header">
<h1>Kontakt</h1>
<p>Skontaktuj się z nami w sprawach dotyczących działalności Specjalistycznego Centrum Wspierania Edukacji Włączającej w Lesznie.</p>
</div>
<div class="kontakt-grid">
<div class="kontakt-info">
<h2>Dane kontaktowe</h2>
<div class="kontakt-item"><strong>Adres:</strong>
<p>Rejtana 37 / Osiecka 41<br />64-100 Leszno</p>
</div>
<div class="kontakt-item"><strong>Telefon:</strong>
<p>+48 785 720 202</p>
</div>
<div class="kontakt-item"><strong>E-mail:</strong>
<p><a href="mailto:zespol@scwew-leszno.pl">zespol@scwew-leszno.pl</a></p>
</div>
<div class="kontakt-item"><strong>Facebook:</strong>
<p><a href="https://www.facebook.com/61586588566157" target="_blank" rel="noopener"><br />facebook.com/SCWEWLeszno<br /></a></p>
</div>
</div>
<div class="kontakt-mapa">
<h2>Nasza lokalizacja</h2>
<p><iframe loading="lazy" style="border: 0;" src="https://www.google.com/maps?q=Rejtana+37+Leszno&amp;output=embed" width="100%" height="300" allowfullscreen="allowfullscreen"><br />
            </iframe></p>
</div>
</div>
</section>


<figure class="wp-block-image size-large is-resized"><a href="https://www.facebook.com/profile.php?id=61586588566157"><img loading="lazy" decoding="async" width="1024" height="683" src="https://scwewleszno.pl/wp-content/uploads/2026/02/Skontaktuj-sie-z-nami-1-1024x683.png" alt="" class="wp-image-100" style="aspect-ratio:1.4993006993006992;width:172px;height:auto" srcset="https://scwewleszno.pl/wp-content/uploads/2026/02/Skontaktuj-sie-z-nami-1-1024x683.png 1024w, https://scwewleszno.pl/wp-content/uploads/2026/02/Skontaktuj-sie-z-nami-1-300x200.png 300w, https://scwewleszno.pl/wp-content/uploads/2026/02/Skontaktuj-sie-z-nami-1-768x512.png 768w, https://scwewleszno.pl/wp-content/uploads/2026/02/Skontaktuj-sie-z-nami-1.png 1536w" sizes="auto, (max-width: 1024px) 100vw, 1024px" /></a></figure>

<p>Kontakt Skontaktuj się z nami w sprawach dotyczących działalności Specjalistycznego Centrum Wspierania Edukacji Włączającej w Lesznie. Dane kontaktowe Adres: Rejtana 37 / Osiecka 4164-100 Leszno Telefon: +48 785 720 202&#8230;</p>
