{"id":89,"date":"2026-02-27T23:05:40","date_gmt":"2026-02-27T22:05:40","guid":{"rendered":"https:\/\/scwewleszno.pl\/?page_id=89"},"modified":"2026-03-05T21:33:46","modified_gmt":"2026-03-05T20:33:46","slug":"struktura-organizacyjna","status":"publish","type":"page","link":"https:\/\/scwewleszno.pl\/?page_id=89","title":{"rendered":"Struktura organizacyjna"},"content":{"rendered":"<section class=\"scwew-struktura\"><!-- WPROWADZENIE --><\/p>\n<div class=\"scwew-intro\">\n<h1>Struktura organizacyjna SCWEW<\/h1>\n<p>SCWEW w Lesznie tworzy zesp\u00f3\u0142 Lidera oraz Ekspert\u00f3w SCWEW,<br \/>\na tak\u017ce Koordynatorzy ds. wsp\u00f3\u0142pracy w plac\u00f3wkach obj\u0119tych wsparciem.<\/p>\n<\/div>\n<p><!-- ZESP\u00d3\u0141 SCWEW --><\/p>\n<div class=\"scwew-section\">\n<h2>Zesp\u00f3\u0142 SCWEW<\/h2>\n<div class=\"scwew-grid\">\n<div class=\"scwew-card lider\">\n<h3>Agnieszka Kra\u015bner<\/h3>\n<p>Lider SCWEW<\/p>\n<\/div>\n<div class=\"scwew-card\">\n<h3>Monika Tomczak<\/h3>\n<p>Ekspert SCWEW<\/p>\n<\/div>\n<div class=\"scwew-card\">\n<h3>Justyna Kucman<\/h3>\n<p>Ekspert SCWEW<\/p>\n<\/div>\n<div class=\"scwew-card\">\n<h3>Magdalena Jakubowska<\/h3>\n<p>Ekspert SCWEW<\/p>\n<\/div>\n<div class=\"scwew-card\">\n<h3>Karolina Wr\u00f3blewska<\/h3>\n<p>Ekspert SCWEW<\/p>\n<\/div>\n<\/div>\n<\/div>\n<p><!-- KOORDYNATORZY --><\/p>\n<div class=\"scwew-section\">\n<h2>Koordynatorzy ds. wsp\u00f3\u0142pracy z SCWEW<\/h2>\n<div class=\"scwew-grid\">\n<div class=\"scwew-card\">\n<h3>Katarzyna Szatkowska<\/h3>\n<p>Przedszkole z Oddzia\u0142ami Integracyjnymi nr 1 im. Wandy Chotomskiej w Ko\u015bcianie<\/p>\n<\/div>\n<div class=\"scwew-card\">\n<h3>Katarzyna Kaczmarek<\/h3>\n<p>Przedszkole Kolorowy Wiatraczek w Rydzynie<\/p>\n<\/div>\n<div class=\"scwew-card\">\n<h3>Oliwia Szyma\u0144ska<\/h3>\n<p>Szko\u0142a Bran\u017cowa I stopnia nr 4 w Lesznie<\/p>\n<\/div>\n<div class=\"scwew-card\">\n<h3>Justyna Kobyla\u0144ska<\/h3>\n<p>Szko\u0142a Podstawowa im. Powsta\u0144c\u00f3w Wielkopolskich w Osiecznej<\/p>\n<\/div>\n<div class=\"scwew-card\">\n<h3>Anna Czajka<\/h3>\n<p>Szko\u0142a Podstawowa im. Konstytucji 3 Maja w \u015amiglu<\/p>\n<\/div>\n<\/div>\n<\/div>\n<\/section>\n","protected":false},"excerpt":{"rendered":"<p>Struktura organizacyjna SCWEW SCWEW w Lesznie tworzy zesp\u00f3\u0142 Lidera oraz Ekspert\u00f3w SCWEW, a tak\u017ce Koordynatorzy ds. wsp\u00f3\u0142pracy w plac\u00f3wkach obj\u0119tych wsparciem. Zesp\u00f3\u0142 SCWEW Agnieszka Kra\u015bner Lider SCWEW Monika Tomczak Ekspert&#8230;<\/p>\n","protected":false},"author":1,"featured_media":0,"parent":0,"menu_order":0,"comment_status":"closed","ping_status":"closed","template":"","meta":{"_kad_post_transparent":"","_kad_post_title":"","_kad_post_layout":"","_kad_post_sidebar_id":"","_kad_post_content_style":"","_kad_post_vertical_padding":"","_kad_post_feature":"","_kad_post_feature_position":"","_kad_post_header":false,"_kad_post_footer":false,"_kad_post_classname":"","footnotes":""},"class_list":["post-89","page","type-page","status-publish","hentry"],"_links":{"self":[{"href":"https:\/\/scwewleszno.pl\/index.php?rest_route=\/wp\/v2\/pages\/89","targetHints":{"allow":["GET"]}}],"collection":[{"href":"https:\/\/scwewleszno.pl\/index.php?rest_route=\/wp\/v2\/pages"}],"about":[{"href":"https:\/\/scwewleszno.pl\/index.php?rest_route=\/wp\/v2\/types\/page"}],"author":[{"embeddable":true,"href":"https:\/\/scwewleszno.pl\/index.php?rest_route=\/wp\/v2\/users\/1"}],"replies":[{"embeddable":true,"href":"https:\/\/scwewleszno.pl\/index.php?rest_route=%2Fwp%2Fv2%2Fcomments&post=89"}],"version-history":[{"count":3,"href":"https:\/\/scwewleszno.pl\/index.php?rest_route=\/wp\/v2\/pages\/89\/revisions"}],"predecessor-version":[{"id":111,"href":"https:\/\/scwewleszno.pl\/index.php?rest_route=\/wp\/v2\/pages\/89\/revisions\/111"}],"wp:attachment":[{"href":"https:\/\/scwewleszno.pl\/index.php?rest_route=%2Fwp%2Fv2%2Fmedia&parent=89"}],"curies":[{"name":"wp","href":"https:\/\/api.w.org\/{rel}","templated":true}]}}

<section class="scwew-struktura"><!-- WPROWADZENIE --></p>
<div class="scwew-intro">
<h1>Struktura organizacyjna SCWEW</h1>
<p>SCWEW w Lesznie tworzy zespół Lidera oraz Ekspertów SCWEW,<br />
a także Koordynatorzy ds. współpracy w placówkach objętych wsparciem.</p>
</div>
<p><!-- ZESPÓŁ SCWEW --></p>
<div class="scwew-section">
<h2>Zespół SCWEW</h2>
<div class="scwew-grid">
<div class="scwew-card lider">
<h3>Agnieszka Kraśner</h3>
<p>Lider SCWEW</p>
</div>
<div class="scwew-card">
<h3>Monika Tomczak</h3>
<p>Ekspert SCWEW</p>
</div>
<div class="scwew-card">
<h3>Justyna Kucman</h3>
<p>Ekspert SCWEW</p>
</div>
<div class="scwew-card">
<h3>Magdalena Jakubowska</h3>
<p>Ekspert SCWEW</p>
</div>
<div class="scwew-card">
<h3>Karolina Wróblewska</h3>
<p>Ekspert SCWEW</p>
</div>
</div>
</div>
<p><!-- KOORDYNATORZY --></p>
<div class="scwew-section">
<h2>Koordynatorzy ds. współpracy z SCWEW</h2>
<div class="scwew-grid">
<div class="scwew-card">
<h3>Katarzyna Szatkowska</h3>
<p>Przedszkole z Oddziałami Integracyjnymi nr 1 im. Wandy Chotomskiej w Kościanie</p>
</div>
<div class="scwew-card">
<h3>Katarzyna Kaczmarek</h3>
<p>Przedszkole Kolorowy Wiatraczek w Rydzynie</p>
</div>
<div class="scwew-card">
<h3>Oliwia Szymańska</h3>
<p>Szkoła Branżowa I stopnia nr 4 w Lesznie</p>
</div>
<div class="scwew-card">
<h3>Justyna Kobylańska</h3>
<p>Szkoła Podstawowa im. Powstańców Wielkopolskich w Osiecznej</p>
</div>
<div class="scwew-card">
<h3>Anna Czajka</h3>
<p>Szkoła Podstawowa im. Konstytucji 3 Maja w Śmiglu</p>
</div>
</div>
</div>
</section>

<p>Struktura organizacyjna SCWEW SCWEW w Lesznie tworzy zespół Lidera oraz Ekspertów SCWEW, a także Koordynatorzy ds. współpracy w placówkach objętych wsparciem. Zespół SCWEW Agnieszka Kraśner Lider SCWEW Monika Tomczak Ekspert&#8230;</p>
